{"id":17,"date":"2022-08-25T16:49:35","date_gmt":"2022-08-25T13:49:35","guid":{"rendered":"https:\/\/johannainkinen.fi\/?page_id=17"},"modified":"2022-09-23T13:12:37","modified_gmt":"2022-09-23T10:12:37","slug":"etusivu","status":"publish","type":"page","link":"https:\/\/johannainkinen.fi\/index.php\/etusivu\/","title":{"rendered":"Palvelut"},"content":{"rendered":"\n<p><\/p>\n\n\n\n<p class=\"has-medium-font-size\">Onko teill\u00e4 p\u00e4\u00e4t\u00f6kset kunnossa?<\/p>\n\n\n\n<p class=\"has-medium-font-size\">Onko hallintolain vaatimukset otettu huomioon?<\/p>\n\n\n\n<p class=\"has-medium-font-size\">Tarvitsetko apua asioinnissa viranomaisen kanssa?<\/p>\n\n\n\n<p class=\"has-medium-font-size\">Sinun pit\u00e4\u00e4 kuvata ongelmasi ja min\u00e4 kerron, voinko auttaa.<\/p>\n\n\n\n<div style=\"height:30px\" aria-hidden=\"true\" class=\"wp-block-spacer\"><\/div>\n\n\n\n<p style=\"font-size:16px\">Laki J. Inkinen on yhden naisen asiantuntijayritys.<\/p>\n\n\n\n<p style=\"font-size:16px\">Autan organisaatioita ja yksityishenkil\u00f6it\u00e4kin ongelmissa, jotka liittyv\u00e4t&nbsp;viranomaistoimintaan&nbsp;(esimerkiksi hallintolain kysymykset, kuten p\u00e4\u00e4t\u00f6sten perusteleminen, sek\u00e4 virkamiehen vastuut ja velvollisuudet).<\/p>\n\n\n\n<p style=\"font-size:16px\">Voit pyyt\u00e4\u00e4 minua my\u00f6s luennoimaan ja kouluttamaan tai pohtimaan prosessikuvausten mielekkyytt\u00e4. Lean on mielest\u00e4ni t\u00e4rke\u00e4\u00e4 ja hy\u00f6dyllist\u00e4. T\u00e4ll\u00e4 hetkell\u00e4 leanaan kotona avustajieni asioita. T\u00e4m\u00e4 on toki hy\u00f6dyllist\u00e4 ja t\u00e4rke\u00e4\u00e4, mutta mielell\u00e4ni tekisin t\u00e4t\u00e4 kodin ovien ulkopuolellakin.<\/p>\n\n\n\n<div class=\"wp-container-1 wp-block-group\"><div class=\"wp-block-group__inner-container\">\n<p class=\"has-text-align-left\" style=\"font-size:16px\">Sitaateissa on saamaani palautetta.<\/p>\n\n\n\n<p class=\"has-text-align-left\" style=\"font-size:16px\"><em><br><\/em><\/p>\n\n\n\n<hr class=\"wp-block-separator has-alpha-channel-opacity\"\/>\n\n\n\n<p class=\"has-text-align-left\" style=\"font-size:16px\"><em>\u201dV\u00e4sym\u00e4t\u00f6n tuotteliaisuus.\u201d<\/em><\/p>\n\n\n\n<p class=\"has-text-align-left\" style=\"font-size:16px\"><em>\u201dNopea reagointi.\u201d<\/em><\/p>\n\n\n\n<p class=\"has-text-align-left\" style=\"font-size:16px\"><em>&#8221;Ennen kaikkea lakimiehelle t\u00e4ysin ep\u00e4tyypillinen selke\u00e4sanaisuus ja s\u00e4\u00e4d\u00f6ksen kertominen ymm\u00e4rrett\u00e4v\u00e4sti normaalikansalaiselle.\u201c<\/em><\/p>\n\n\n\n<p class=\"has-text-align-left\" style=\"font-size:16px\"><em>\u201cJos et tied\u00e4 jostain asiasta, otat selv\u00e4\u00e4. Sen sijaan ett\u00e4 olisit vastahakoinen ottamaan vastaan uutta, olet utelias selvitt\u00e4m\u00e4\u00e4n itsekin, mist\u00e4 on kyse.\u201d<\/em><\/p>\n\n\n\n<p class=\"has-text-align-left\" style=\"font-size:16px\"><em>&#8221;Kannat vastuun. Jos sinulle antaa teht\u00e4v\u00e4n, huolehdit siit\u00e4 loppuun saakka.\u201c<\/em><\/p>\n\n\n\n<p class=\"has-text-align-left\" style=\"font-size:16px\"><em>\u201cSen lis\u00e4ksi, ett\u00e4 selvit\u00e4t asiakysymyksen, teet sen yst\u00e4v\u00e4llisesti.\u201d<\/em><\/p>\n\n\n\n<p class=\"has-text-align-left\" style=\"font-size:16px\"><em>&#8221;Keskustelet ja kuuntelet. Et pid\u00e4 ensimm\u00e4ist\u00e4 mieleen tulevaa vastausta itsest\u00e4\u00e4n selv\u00e4n\u00e4.\u201c<\/em><\/p>\n\n\n\n<p class=\"has-text-align-left\" style=\"font-size:16px\"><em>\u201cOlet pohdiskeleva. Et tyydy minimivastaukseen, vaan selvit\u00e4t taustan, juurisyyt ja ymp\u00e4rill\u00e4 olevat liitynn\u00e4t.\u201c<\/em><\/p>\n\n\n\n<hr class=\"wp-block-separator has-alpha-channel-opacity\"\/>\n<\/div><\/div>\n\n\n\n<p class=\"has-medium-font-size\"><em><br><\/em><\/p>\n","protected":false},"excerpt":{"rendered":"<p>Onko teill\u00e4 p\u00e4\u00e4t\u00f6kset kunnossa? Onko hallintolain vaatimukset otettu huomioon? Tarvitsetko apua asioinnissa viranomaisen kanssa? Sinun pit\u00e4\u00e4 kuvata ongelmasi ja min\u00e4 &hellip; <a href=\"https:\/\/johannainkinen.fi\/index.php\/etusivu\/\" class=\"more-link\">Continue reading <span class=\"screen-reader-text\">Palvelut<\/span><\/a><\/p>\n","protected":false},"author":1,"featured_media":0,"parent":0,"menu_order":0,"comment_status":"closed","ping_status":"closed","template":"","meta":{"iawp_total_views":282},"yoast_head":"<!-- This site is optimized with the Yoast SEO plugin v20.6 - https:\/\/yoast.com\/wordpress\/plugins\/seo\/ -->\n<title>Palvelut - Laki J. Inkinen<\/title>\n<meta name=\"robots\" content=\"index, follow, max-snippet:-1, max-image-preview:large, max-video-preview:-1\" \/>\n<link rel=\"canonical\" href=\"https:\/\/johannainkinen.fi\/index.php\/etusivu\/\" \/>\n<meta property=\"og:locale\" content=\"fi_FI\" \/>\n<meta property=\"og:type\" content=\"article\" \/>\n<meta property=\"og:title\" content=\"Palvelut - Laki J. Inkinen\" \/>\n<meta property=\"og:description\" content=\"Onko teill\u00e4 p\u00e4\u00e4t\u00f6kset kunnossa? Onko hallintolain vaatimukset otettu huomioon? Tarvitsetko apua asioinnissa viranomaisen kanssa? Sinun pit\u00e4\u00e4 kuvata ongelmasi ja min\u00e4 &hellip; Continue reading Palvelut\" \/>\n<meta property=\"og:url\" content=\"https:\/\/johannainkinen.fi\/index.php\/etusivu\/\" \/>\n<meta property=\"og:site_name\" content=\"Laki J. Inkinen\" \/>\n<meta property=\"article:modified_time\" content=\"2022-09-23T10:12:37+00:00\" \/>\n<meta name=\"twitter:card\" content=\"summary_large_image\" \/>\n<meta name=\"twitter:label1\" content=\"Arvioitu lukuaika\" \/>\n\t<meta name=\"twitter:data1\" content=\"2 minuuttia\" \/>\n<script type=\"application\/ld+json\" class=\"yoast-schema-graph\">{\"@context\":\"https:\/\/schema.org\",\"@graph\":[{\"@type\":\"WebPage\",\"@id\":\"https:\/\/johannainkinen.fi\/index.php\/etusivu\/\",\"url\":\"https:\/\/johannainkinen.fi\/index.php\/etusivu\/\",\"name\":\"Palvelut - Laki J. Inkinen\",\"isPartOf\":{\"@id\":\"https:\/\/johannainkinen.fi\/#website\"},\"datePublished\":\"2022-08-25T13:49:35+00:00\",\"dateModified\":\"2022-09-23T10:12:37+00:00\",\"breadcrumb\":{\"@id\":\"https:\/\/johannainkinen.fi\/index.php\/etusivu\/#breadcrumb\"},\"inLanguage\":\"fi\",\"potentialAction\":[{\"@type\":\"ReadAction\",\"target\":[\"https:\/\/johannainkinen.fi\/index.php\/etusivu\/\"]}]},{\"@type\":\"BreadcrumbList\",\"@id\":\"https:\/\/johannainkinen.fi\/index.php\/etusivu\/#breadcrumb\",\"itemListElement\":[{\"@type\":\"ListItem\",\"position\":1,\"name\":\"Etusivu\",\"item\":\"https:\/\/johannainkinen.fi\/\"},{\"@type\":\"ListItem\",\"position\":2,\"name\":\"Palvelut\"}]},{\"@type\":\"WebSite\",\"@id\":\"https:\/\/johannainkinen.fi\/#website\",\"url\":\"https:\/\/johannainkinen.fi\/\",\"name\":\"Laki J. Inkinen\",\"description\":\"Yhden naisen asiantuntijayritys\",\"publisher\":{\"@id\":\"https:\/\/johannainkinen.fi\/#organization\"},\"potentialAction\":[{\"@type\":\"SearchAction\",\"target\":{\"@type\":\"EntryPoint\",\"urlTemplate\":\"https:\/\/johannainkinen.fi\/?s={search_term_string}\"},\"query-input\":\"required name=search_term_string\"}],\"inLanguage\":\"fi\"},{\"@type\":\"Organization\",\"@id\":\"https:\/\/johannainkinen.fi\/#organization\",\"name\":\"Laki J. Inkinen\",\"url\":\"https:\/\/johannainkinen.fi\/\",\"logo\":{\"@type\":\"ImageObject\",\"inLanguage\":\"fi\",\"@id\":\"https:\/\/johannainkinen.fi\/#\/schema\/logo\/image\/\",\"url\":\"https:\/\/johannainkinen.fi\/wp-content\/uploads\/2022\/09\/omenankukat4-scaled.jpg\",\"contentUrl\":\"https:\/\/johannainkinen.fi\/wp-content\/uploads\/2022\/09\/omenankukat4-scaled.jpg\",\"width\":2560,\"height\":1707,\"caption\":\"Laki J. Inkinen\"},\"image\":{\"@id\":\"https:\/\/johannainkinen.fi\/#\/schema\/logo\/image\/\"}}]}<\/script>\n<!-- \/ Yoast SEO plugin. -->","yoast_head_json":{"title":"Palvelut - Laki J. Inkinen","robots":{"index":"index","follow":"follow","max-snippet":"max-snippet:-1","max-image-preview":"max-image-preview:large","max-video-preview":"max-video-preview:-1"},"canonical":"https:\/\/johannainkinen.fi\/index.php\/etusivu\/","og_locale":"fi_FI","og_type":"article","og_title":"Palvelut - Laki J. Inkinen","og_description":"Onko teill\u00e4 p\u00e4\u00e4t\u00f6kset kunnossa? Onko hallintolain vaatimukset otettu huomioon? Tarvitsetko apua asioinnissa viranomaisen kanssa? Sinun pit\u00e4\u00e4 kuvata ongelmasi ja min\u00e4 &hellip; Continue reading Palvelut","og_url":"https:\/\/johannainkinen.fi\/index.php\/etusivu\/","og_site_name":"Laki J. Inkinen","article_modified_time":"2022-09-23T10:12:37+00:00","twitter_card":"summary_large_image","twitter_misc":{"Arvioitu lukuaika":"2 minuuttia"},"schema":{"@context":"https:\/\/schema.org","@graph":[{"@type":"WebPage","@id":"https:\/\/johannainkinen.fi\/index.php\/etusivu\/","url":"https:\/\/johannainkinen.fi\/index.php\/etusivu\/","name":"Palvelut - Laki J. Inkinen","isPartOf":{"@id":"https:\/\/johannainkinen.fi\/#website"},"datePublished":"2022-08-25T13:49:35+00:00","dateModified":"2022-09-23T10:12:37+00:00","breadcrumb":{"@id":"https:\/\/johannainkinen.fi\/index.php\/etusivu\/#breadcrumb"},"inLanguage":"fi","potentialAction":[{"@type":"ReadAction","target":["https:\/\/johannainkinen.fi\/index.php\/etusivu\/"]}]},{"@type":"BreadcrumbList","@id":"https:\/\/johannainkinen.fi\/index.php\/etusivu\/#breadcrumb","itemListElement":[{"@type":"ListItem","position":1,"name":"Etusivu","item":"https:\/\/johannainkinen.fi\/"},{"@type":"ListItem","position":2,"name":"Palvelut"}]},{"@type":"WebSite","@id":"https:\/\/johannainkinen.fi\/#website","url":"https:\/\/johannainkinen.fi\/","name":"Laki J. Inkinen","description":"Yhden naisen asiantuntijayritys","publisher":{"@id":"https:\/\/johannainkinen.fi\/#organization"},"potentialAction":[{"@type":"SearchAction","target":{"@type":"EntryPoint","urlTemplate":"https:\/\/johannainkinen.fi\/?s={search_term_string}"},"query-input":"required name=search_term_string"}],"inLanguage":"fi"},{"@type":"Organization","@id":"https:\/\/johannainkinen.fi\/#organization","name":"Laki J. Inkinen","url":"https:\/\/johannainkinen.fi\/","logo":{"@type":"ImageObject","inLanguage":"fi","@id":"https:\/\/johannainkinen.fi\/#\/schema\/logo\/image\/","url":"https:\/\/johannainkinen.fi\/wp-content\/uploads\/2022\/09\/omenankukat4-scaled.jpg","contentUrl":"https:\/\/johannainkinen.fi\/wp-content\/uploads\/2022\/09\/omenankukat4-scaled.jpg","width":2560,"height":1707,"caption":"Laki J. Inkinen"},"image":{"@id":"https:\/\/johannainkinen.fi\/#\/schema\/logo\/image\/"}}]}},"_links":{"self":[{"href":"https:\/\/johannainkinen.fi\/index.php\/wp-json\/wp\/v2\/pages\/17"}],"collection":[{"href":"https:\/\/johannainkinen.fi\/index.php\/wp-json\/wp\/v2\/pages"}],"about":[{"href":"https:\/\/johannainkinen.fi\/index.php\/wp-json\/wp\/v2\/types\/page"}],"author":[{"embeddable":true,"href":"https:\/\/johannainkinen.fi\/index.php\/wp-json\/wp\/v2\/users\/1"}],"replies":[{"embeddable":true,"href":"https:\/\/johannainkinen.fi\/index.php\/wp-json\/wp\/v2\/comments?post=17"}],"version-history":[{"count":90,"href":"https:\/\/johannainkinen.fi\/index.php\/wp-json\/wp\/v2\/pages\/17\/revisions"}],"predecessor-version":[{"id":394,"href":"https:\/\/johannainkinen.fi\/index.php\/wp-json\/wp\/v2\/pages\/17\/revisions\/394"}],"wp:attachment":[{"href":"https:\/\/johannainkinen.fi\/index.php\/wp-json\/wp\/v2\/media?parent=17"}],"curies":[{"name":"wp","href":"https:\/\/api.w.org\/{rel}","templated":true}]}}